{"id":16,"date":"2018-05-16T15:03:32","date_gmt":"2018-05-16T13:03:32","guid":{"rendered":"https:\/\/ardegardskog.se\/?page_id=16"},"modified":"2020-10-23T15:59:03","modified_gmt":"2020-10-23T13:59:03","slug":"startsida","status":"publish","type":"page","link":"https:\/\/ardegardskog.se\/","title":{"rendered":"V\u00e4lkommen"},"content":{"rendered":"\n<p>Ardeg\u00e5rd Skogsr\u00e5dgivning AB arbetar med kunden i fokus och vill ha en l\u00e5ngsiktig relation f\u00f6r att skapa ett merv\u00e4rde f\u00f6r dig och din skog.<\/p>\n\n\n\n<figure class=\"wp-block-image size-large is-resized is-style-default\"><img loading=\"lazy\" decoding=\"async\" src=\"https:\/\/media.ardegardskog.se\/2020\/10\/Lonn-768x1024.jpg\" alt=\"\" class=\"wp-image-83\" width=\"535\" height=\"713\" srcset=\"https:\/\/media.ardegardskog.se\/2020\/10\/Lonn-768x1024.jpg 768w, https:\/\/media.ardegardskog.se\/2020\/10\/Lonn-225x300.jpg 225w, https:\/\/media.ardegardskog.se\/2020\/10\/Lonn-1152x1536.jpg 1152w, https:\/\/media.ardegardskog.se\/2020\/10\/Lonn-1536x2048.jpg 1536w, https:\/\/media.ardegardskog.se\/2020\/10\/Lonn-scaled.jpg 1920w\" sizes=\"auto, (max-width: 535px) 100vw, 535px\" \/><\/figure>\n","protected":false},"excerpt":{"rendered":"<p>Ardeg\u00e5rd Skogsr\u00e5dgivning AB arbetar med kunden i fokus och vill ha en l\u00e5ngsiktig relation f\u00f6r att skapa ett merv\u00e4rde f\u00f6r dig och din skog.<\/p>\n","protected":false},"author":1,"featured_media":0,"parent":0,"menu_order":0,"comment_status":"closed","ping_status":"closed","template":"","meta":{"_monsterinsights_skip_tracking":false,"_monsterinsights_sitenote_active":false,"_monsterinsights_sitenote_note":"","_monsterinsights_sitenote_category":0,"site-sidebar-layout":"default","site-content-layout":"default","ast-site-content-layout":"default","site-content-style":"default","site-sidebar-style":"default","ast-global-header-display":"","ast-banner-title-visibility":"","ast-main-header-display":"","ast-hfb-above-header-display":"","ast-hfb-below-header-display":"","ast-hfb-mobile-header-display":"","site-post-title":"","ast-breadcrumbs-content":"","ast-featured-img":"","footer-sml-layout":"","ast-disable-related-posts":"","theme-transparent-header-meta":"default","adv-header-id-meta":"","stick-header-meta":"","header-above-stick-meta":"","header-main-stick-meta":"","header-below-stick-meta":"","astra-migrate-meta-layouts":"default","ast-page-background-enabled":"default","ast-page-background-meta":{"desktop":{"background-color":"","background-image":"","background-repeat":"repeat","background-position":"center center","background-size":"auto","background-attachment":"scroll","background-type":"","background-media":"","overlay-type":"","overlay-color":"","overlay-opacity":"","overlay-gradient":""},"tablet":{"background-color":"","background-image":"","background-repeat":"repeat","background-position":"center center","background-size":"auto","background-attachment":"scroll","background-type":"","background-media":"","overlay-type":"","overlay-color":"","overlay-opacity":"","overlay-gradient":""},"mobile":{"background-color":"","background-image":"","background-repeat":"repeat","background-position":"center center","background-size":"auto","background-attachment":"scroll","background-type":"","background-media":"","overlay-type":"","overlay-color":"","overlay-opacity":"","overlay-gradient":""}},"ast-content-background-meta":{"desktop":{"background-color":"var(--ast-global-color-5)","background-image":"","background-repeat":"repeat","background-position":"center center","background-size":"auto","background-attachment":"scroll","background-type":"","background-media":"","overlay-type":"","overlay-color":"","overlay-opacity":"","overlay-gradient":""},"tablet":{"background-color":"var(--ast-global-color-5)","background-image":"","background-repeat":"repeat","background-position":"center center","background-size":"auto","background-attachment":"scroll","background-type":"","background-media":"","overlay-type":"","overlay-color":"","overlay-opacity":"","overlay-gradient":""},"mobile":{"background-color":"var(--ast-global-color-5)","background-image":"","background-repeat":"repeat","background-position":"center center","background-size":"auto","background-attachment":"scroll","background-type":"","background-media":"","overlay-type":"","overlay-color":"","overlay-opacity":"","overlay-gradient":""}},"footnotes":""},"class_list":["post-16","page","type-page","status-publish","hentry"],"_links":{"self":[{"href":"https:\/\/ardegardskog.se\/index.php\/wp-json\/wp\/v2\/pages\/16","targetHints":{"allow":["GET"]}}],"collection":[{"href":"https:\/\/ardegardskog.se\/index.php\/wp-json\/wp\/v2\/pages"}],"about":[{"href":"https:\/\/ardegardskog.se\/index.php\/wp-json\/wp\/v2\/types\/page"}],"author":[{"embeddable":true,"href":"https:\/\/ardegardskog.se\/index.php\/wp-json\/wp\/v2\/users\/1"}],"replies":[{"embeddable":true,"href":"https:\/\/ardegardskog.se\/index.php\/wp-json\/wp\/v2\/comments?post=16"}],"version-history":[{"count":8,"href":"https:\/\/ardegardskog.se\/index.php\/wp-json\/wp\/v2\/pages\/16\/revisions"}],"predecessor-version":[{"id":91,"href":"https:\/\/ardegardskog.se\/index.php\/wp-json\/wp\/v2\/pages\/16\/revisions\/91"}],"wp:attachment":[{"href":"https:\/\/ardegardskog.se\/index.php\/wp-json\/wp\/v2\/media?parent=16"}],"curies":[{"name":"wp","href":"https:\/\/api.w.org\/{rel}","templated":true}]}}